. What is the greatest common divisor of o and 45?
15
Let f(j) = 3 - 7 + 0*j + j. Let t be f(7). Suppose t*d - 22 = d. What is the highest common divisor of d and 55?
11
Suppose 6*k - 46 = 122. Let b be 57/4 + 2/(-8). What is the greatest common factor of b and k?
14
Let t = -2 + 18. What is the highest common factor of t and 4?
4
Suppose 3*f - f = -3*i + 39, 2*f = -2*i + 42. What is the highest common divisor of f and 3?
3
Let h = 74 + -32. Calculate the highest common divisor of 14 and h.
14
Suppose -4*c - 14 = -3*o - 0, -2*o - 3*c = 2. Suppose -o*q - 8 = -6*q. Let k = q - -1. What is the highest common factor of k and 3?
3
Suppose -4*h + 13 = -7*n + 2*n, 3*n + 3 = 0. Let g be 1*48*5/4. Suppose -5*w - k + g + 7 = 0, 20 = w - 2*k. What is the greatest common divisor of w and h?
2
Let q(m) = m**2 - 3*m - 6. Suppose 2*c - 6*c - 4*o = 16, 5*c = -3*o - 18. Let n be q(c). What is the greatest common factor of n and 8?
4
Suppose 0 = 5*t + 2*f + 48, 0 = t - 2*f - 0*f. Let d be t/20 + (-266)/10. Let w be 128/9 + 6/d. Calculate the greatest common divisor of w and 14.
14
Suppose 0 = 2*g + a - 15, -2*g - 3*a = -g - 10. What is the highest common divisor of 14 and g?
7
Let n be ((-6)/(-4))/(3/36). Calculate the greatest common factor of n and 36.
18
Suppose -4*u + 21 = 5*l - 48, -48 = -3*u - 3*l. Let c be 54 + 2 + (-2 - -1). Calculate the highest common divisor of c and u.
11
Let a(d) = -d**3 - 2*d + 3. Let n be a(-3). Calculate the greatest common divisor of 12 and n.
12
Suppose -192 = -l + 60. What is the greatest common factor of 36 and l?
36
Suppose 0 = -5*r - 0*r + 10. What is the highest common divisor of r and 16?
2
Let i be ((-10)/8)/(6/(-48)). Calculate the highest common factor of i and 70.
10
Suppose 2*w - 7*w + 15 = 0. Suppose -2*p = w*p - 200. Calculate the greatest common factor of 20 and p.
20
Let y = -23 + 16. Let k be y/(-3 - 46/(-16)). Suppose -4*j - 3*l + 31 = -2*l, 0 = -5*j + 4*l + 44. Calculate the highest common factor of j and k.
8
Let k be -1 + 2 - (0 - 2). Suppose w = -k*w - 4. Let f be 3*(w + 17) + 0. Calculate the highest common divisor of f and 16.
16
Suppose 0 = -5*z - 4*z + 18. Calculate the highest common factor of z and 54.
2
Suppose -86 = 17*t - 19*t. What is the greatest common divisor of t and 215?
43
Suppose 1 = -2*d - 11. Suppose 3*y - 15 = -2*y. Let s be ((-13)/2)/(y/d). Calculate the highest common divisor of 117 and s.
13
Let y be (-5)/(10/4) - -3. Suppose -3*b + 22 = y. Calculate the greatest common divisor of 7 and b.
7
Let q(h) be the third derivative of h**6/120 + h**5/6 + 5*h**4/24 + 5*h**3/6 + 3*h**2. Let t be q(-4). Calculate the greatest common factor of t and 9.
9
Suppose -66 = -12*x + 66. What is the highest common divisor of x and 11?
11
Let a(s) = 8*s**3 - 2*s**2 + 2*s - 1. Suppose -3*p - 3 = 0, 4*t - 5 = p - 0*p. Let c be a(t). What is the highest common divisor of c and 14?
7
Suppose 32 = -15*s + 23*s. Calculate the highest common divisor of s and 4.
4
Suppose 5*k + 10 = -2*z + 105, -4*k - 2*z + 78 = 0. Calculate the greatest common divisor of k and 17.
17
Suppose 5*p + m - 515 + 62 = 0, -4*m + 372 = 4*p. Suppose -8 = -s - s. Let r be ((-2)/4)/(s/(-80)). What is the highest common divisor of r and p?
10
Let m be (-39)/(-12) - 3/12. Let g be 5 + 0 - (-2 + m). Suppose -g*a = -t + 36, a + 0*a = 3*t - 86. What is the highest common factor of 4 and t?
4
Suppose m + u = 2*m - 26, -4*u = -3*m + 77. Let c = m - 0. Suppose -33 - c = -4*r. What is the highest common divisor of 15 and r?
15
Suppose -2*i + 4*r - 17 = -5*i, 39 = 5*i + 4*r. What is the highest common factor of 11 and i?
11
Let h(k) = 8*k - 10. Let l be h(9). Suppose 2 - l = -b. What is the highest common factor of b and 24?
12
Suppose 3*b = -2*b + 240. Calculate the greatest common divisor of b and 16.
16
Let d be 20/(-90) - (-1516)/18. What is the highest common divisor of 21 and d?
21
Let w(y) = 109*y**2 + 2*y + 8. Let v be w(-2). What is the highest common divisor of 40 and v?
40
Suppose 2*x = -0*x + 8. Let s = x + 3. Suppose -5*v + 199 = 4*c, -c - 2*v + 41 = v. Calculate the greatest common factor of c and s.
7
Suppose -4*b + 27 + 13 = 0. What is the greatest common divisor of 40 and b?
10
Let w(j) = -3*j + 5. Let d be w(5). Let y be (36/d)/(6/(-15)). Calculate the highest common factor of 9 and y.
9
Suppose 5*k = -3*f + 95, -f + 4*k = -4*f + 94. Suppose 0*d + f = 3*d. Calculate the greatest common factor of d and 10.
10
Suppose 0 = -5*c + k + 2, 4*k = -3*c + 28 - 13. Calculate the greatest common divisor of c and 11.
1
Let g(f) = 3*f - 6. Let i be g(4). Suppose 0 = 4*b - i*b + 56. Calculate the highest common divisor of 42 and b.
14
Let q(b) = -58*b + 1. Let s be q(-7). Suppose -3*y - c + 858 = 0, 4*c = -2*y + 651 - 89. Let x = s - y. What is the highest common divisor of 15 and x?
15
Let w(o) = -o + 11. Let q be w(-11). What is the greatest common factor of q and 44?
22
Let x(k) be the second derivative of 14*k**3/3 + 2*k**2 + 2*k. Let g be x(-3). Let h be 2 - (-2 - -4)*g. What is the greatest common factor of h and 18?
18
Suppose -3 = -5*n + 7. Let p = 2 + n. Let w(b) = b**3 - b**2 + 32. Let q be w(0). Calculate the greatest common divisor of p and q.
4
Let c(x) = -3*x - 2. Let h be c(-7). Suppose 2*l + 3*l - 95 = 0. What is the greatest common factor of h and l?
19
Suppose 17*w - 45 - 108 = 0. Let z be -1 + ((-292)/(-2))/2. Calculate the greatest common divisor of z and w.
9
Let q = 49 + -5. What is the greatest common factor of q and 11?
11
Suppose 0 = -3*p - 3*f + 3, -5*p + 18 + 2 = 2*f. Let j be -1 - 0 - (0 + -4). Calculate the highest common divisor of j and p.
3
Let d be (15 - -5)*(4 + 2). What is the highest common divisor of d and 24?
24
Suppose 0*b - b + 5*i + 164 = 0, b - 150 = -2*i. What is the greatest common divisor of b and 14?
14
Suppose -5 = -5*t, w + 3*w + 29 = -3*t. Let y be w/(-4)*(-17)/(-2). What is the greatest common divisor of y and 34?
17
Let w = 133 + -88. Calculate the greatest common divisor of 18 and w.
9
Let m be 172 - (((-12)/(-2))/3 - 1). Calculate the highest common divisor of 19 and m.
19
Let k = -7 - -15. Let p = -39 - -55. Calculate the highest common divisor of p and k.
8
Let b = -58 + 88. Let m be (-2)/(-5) - (-16)/10. Suppose -m*y - 4*r + 61 - 11 = 0, 0 = 2*y - r - 25. Calculate the highest common factor of b and y.
15
Let y be 27/2*(-8 + 6). Let n be (y/(-6))/(6/80). What is the greatest common divisor of n and 20?
20
Let p(z) = z**3 + 6*z**2 - 2*z - 5. Let y be p(-6). What is the highest common divisor of 77 and y?
7
Let b = -4 - -15. Let p be (3/2)/(9/726). Calculate the highest common factor of b and p.
11
Let c be 150/35 - (-10)/(-35). What is the greatest common divisor of c and 4?
4
Let w(b) = -9*b + 0*b + 6*b - 15. Let y be w(-11). Calculate the greatest common factor of y and 6.
6
Suppose 0 = -4*s + n + 8, -s = 2*s + 2*n + 5. Let f be 55 + 4 + s + 0. Calculate the highest common divisor of 24 and f.
12
Suppose 6 = -2*k - 2. Let r(t) be the second derivative of t**4/12 + t**3/3 + 2*t**2 + 2*t. Let c be r(k). What is the highest common factor of 18 and c?
6
Suppose 191 = -4*x + 267. Let c be (12/2)/((-8)/(-228)). What is the greatest common divisor of c and x?
19
Let v = 59 - 34. Calculate the highest common divisor of 10 and v.
5
Suppose 3*t - 45 - 3 = 0. Suppose -4*f + 142 = g + 42, -f = -4*g + 315. Calculate the greatest common factor of t and g.
16
Let h = -84 - -160. Let c(q) = q. Let v be c(1). Let r be (1*-1)/(v/(-19)). Calculate the highest common divisor of h and r.
19
Let t(q) = -15*q + 6. Suppose -6 = l + 3*p, 5*l + 4*p + 21 = -9. Let a be t(l). Calculate the greatest common factor of a and 12.
12
Let d(a) = -a**3 + 10*a**2 + a - 14. Let v be d(10). Let h = v + 7. Let w = h - -13. Calculate the greatest common factor of w and 40.
8
Suppose 2*j = -3*j + 15. Suppose 3*y = -3*a + 96, y = j*y - 2*a - 80. Calculate the highest common factor of 4 and y.
4
Suppose -2*y + 5*a = 2*y - 84, -5*y - 5*a = -105. What is the highest common factor of 168 and y?
21
Let z(r) = -4*r - 4. Let y(m) = m**3 + 7*m**2 - 3. Let s be y(-7). Let i be z(s). Calculate the greatest common factor of 72 and i.
8
Let r be (-4)/(4 - 192/42). What is the highest common factor of 2 and r?
1
Let b(t) be the first deri